{"id":9,"date":"2011-08-22T16:06:24","date_gmt":"2011-08-22T16:06:24","guid":{"rendered":"http:\/\/www.anatomianormal.fcm.unc.edu.ar\/anatomia\/?page_id=9"},"modified":"2025-03-24T16:50:51","modified_gmt":"2025-03-24T16:50:51","slug":"personal","status":"publish","type":"page","link":"https:\/\/www.anatomianormal.fcm.unc.edu.ar\/?page_id=9","title":{"rendered":"PERSONAL"},"content":{"rendered":"<div class=\"wpb-content-wrapper\"><p>[vc_row][vc_column][vc_column_text css=\u00bb\u00bb]<\/p>\n<p style=\"text-align: justify;\"><strong>DOCENTES<\/strong><\/p>\n<hr>\n<p style=\"text-align: justify;\"><strong>Profesor Titular<\/strong><\/p>\n<p style=\"text-align: justify;\">Dr. Carlos S\u00e1nchez Carpio.<\/p>\n<p>&nbsp;<\/p>\n<p style=\"text-align: justify;\"><strong>Profesores Adjuntos<\/strong><\/p>\n<p style=\"text-align: justify;\">Dra. Susana N. Biasutto.<\/p>\n<p style=\"text-align: justify;\">Dr. Alberto G. Corball.<\/p>\n<p>&nbsp;<\/p>\n<div>\n<p style=\"text-align: justify;\"><strong>Profesores Asistentes<\/strong><\/p>\n<p>Dr. Diego S\u00e1nchez Carpio.<br \/>\nDr. Edgardo Bettucci.<br \/>\nDr. Marcos Spinelli.<br \/>\nDr. Marcelo Ruggieri.<br \/>\nMed. Laura Ramello.<br \/>\nMed. Sergio Traverso.<br \/>\nMed. Vicente Montenegro.<br \/>\nMed. Rodolfo Castro Pizarro.<br \/>\nMed. Liliana Grandi.<br \/>\nDr. N\u00e9stor Simondi.<br \/>\nMed. Esteban Criado Del R\u00edo<br \/>\nDr. M. Jos\u00e9 Mariconde<br \/>\nMed. Carlos M. Quinteros.<br \/>\nMed. Norah Moya.<br \/>\nMed. Javier Recchiuto.<br \/>\nMed. Sebasti\u00e1n L\u00f3pez Bubica.<br \/>\nMed. Diego E. Trefilio.<br \/>\nMed. Ver\u00f3nica Pagliano.<br \/>\nMed. Ricardo Maceira.<\/p>\n<\/div>\n<p style=\"text-align: justify;\">&nbsp;<\/p>\n<p>&nbsp;<\/p>\n<div>\n<p style=\"text-align: justify;\"><strong>Ayudantes Alumnos Rentados<\/strong><\/p>\n<p>Wesemann, Herman Federico.<br \/>\nBegu\u00e9, Milagros Luc\u00eda.<br \/>\nNari, Ariadna<br \/>\nEscobares, Francisco.<br \/>\nThomas, Valent\u00edn.<br \/>\nP\u00e9rez G\u00f3mez, Guillermina.<br \/>\nSosa, Lautaro.<br \/>\nCerquetella, Mar\u00eda Lourdes<br \/>\nIturain, Rosario Sof\u00eda.<br \/>\nOlivera, Luisina.<br \/>\nPratto Ullan, Juanita.<br \/>\nReiser, Mercedes.<br \/>\nPostacchini Avenalli, Mar\u00eda de la Paz.<br \/>\nBasta, Florencia.<br \/>\nRisolo, Francisco.<br \/>\nReynoso, Tadeo.<br \/>\nRueda, Julio.<\/p>\n<p>&nbsp;<\/p>\n<p style=\"text-align: justify;\">&nbsp;<\/p>\n<p style=\"text-align: justify;\"><strong>NO DOCENTES<\/strong><\/p>\n<hr>\n<p style=\"text-align: justify;\"><strong>Secretar\u00eda Direcci\u00f3n &#8211; \u00c1rea Inform\u00e1tica\/Impresiones 3D <\/strong><br \/>\nSr. Tec. Mart\u00edn E. Ferrazzuolo<\/p>\n<p style=\"text-align: justify;\"><strong>Despacho de Alumnos<\/strong><br \/>\nSr. Marcelo Mart\u00ednez<\/p>\n<p style=\"text-align: justify;\"><strong>Laboratorio Museo<\/strong><br \/>\nTec. Srta. Silvia Riachi<\/p>\n<p style=\"text-align: justify;\"><strong>Mantenimiento<\/strong><br \/>\nSr. Pablo Toledo<\/p>\n<\/div>\n<p>[\/vc_column_text][\/vc_column][\/vc_row]<\/p>\n<\/div>","protected":false},"excerpt":{"rendered":"<p>[vc_row][vc_column][vc_column_text css=\u00bb\u00bb] DOCENTES Profesor Titular Dr. Carlos S\u00e1nchez Carpio. &nbsp; Profesores Adjuntos Dra. Susana N. Biasutto. Dr. Alberto G. Corball. &nbsp; Profesores Asistentes Dr. Diego S\u00e1nchez Carpio. Dr. Edgardo Bettucci. Dr. Marcos Spinelli. Dr. Marcelo Ruggieri. Med. Laura Ramello. Med. Sergio Traverso. Med. Vicente Montenegro. Med. Rodolfo Castro Pizarro. Med. Liliana Grandi. Dr. N\u00e9stor Simondi. [&hellip;]<\/p>\n","protected":false},"author":1,"featured_media":0,"parent":0,"menu_order":4,"comment_status":"open","ping_status":"open","template":"","meta":{"ngg_post_thumbnail":0,"footnotes":""},"class_list":["post-9","page","type-page","status-publish","hentry"],"_links":{"self":[{"href":"https:\/\/www.anatomianormal.fcm.unc.edu.ar\/index.php?rest_route=\/wp\/v2\/pages\/9","targetHints":{"allow":["GET"]}}],"collection":[{"href":"https:\/\/www.anatomianormal.fcm.unc.edu.ar\/index.php?rest_route=\/wp\/v2\/pages"}],"about":[{"href":"https:\/\/www.anatomianormal.fcm.unc.edu.ar\/index.php?rest_route=\/wp\/v2\/types\/page"}],"author":[{"embeddable":true,"href":"https:\/\/www.anatomianormal.fcm.unc.edu.ar\/index.php?rest_route=\/wp\/v2\/users\/1"}],"replies":[{"embeddable":true,"href":"https:\/\/www.anatomianormal.fcm.unc.edu.ar\/index.php?rest_route=%2Fwp%2Fv2%2Fcomments&post=9"}],"version-history":[{"count":58,"href":"https:\/\/www.anatomianormal.fcm.unc.edu.ar\/index.php?rest_route=\/wp\/v2\/pages\/9\/revisions"}],"predecessor-version":[{"id":10129,"href":"https:\/\/www.anatomianormal.fcm.unc.edu.ar\/index.php?rest_route=\/wp\/v2\/pages\/9\/revisions\/10129"}],"wp:attachment":[{"href":"https:\/\/www.anatomianormal.fcm.unc.edu.ar\/index.php?rest_route=%2Fwp%2Fv2%2Fmedia&parent=9"}],"curies":[{"name":"wp","href":"https:\/\/api.w.org\/{rel}","templated":true}]}}